(-7) + (-30)/(-7). Suppose -4*l - f = -19, 35 = 5*l - 6*f + 5*f. Suppose -l*d = -z*d - 26. What is the remainder when 37 is divided by d?
11
Suppose 11*n - 8*n - 303 = 0. What is the remainder when n is divided by 34?
33
Suppose 0*a = -3*a - 6. Let r be 3/(-2)*(0 + a). Suppose -r*h + 38 = -h. What is the remainder when 37 is divided by h?
18
Let j = 7 + -6. Suppose -5 - j = 2*a. What is the remainder when 32 is divided by 2 + (a - 2) - -20?
15
Suppose 2*v = v + 174. What is the remainder when v is divided by 25?
24
Suppose -y = -2*p - 4*y + 51, 3 = y. Calculate the remainder when p is divided by 12.
9
Let q = 11 + 10. Calculate the remainder when 39 is divided by q.
18
Let g(v) = 22*v - 3. Let h(i) = i**3 + 3*i**2 - 4*i + 2. Let a be h(-4). Let b be (-2 - -1)/(a/(-4)). Calculate the remainder when g(b) is divided by 14.
13
Let m(h) = h**3 - h**2 - 5*h. Let l be m(4). Calculate the remainder when -1 - 7/(l/(-192)) is divided by 17.
13
Let v be -132 + -1 - (2 + -2). Let g = -91 - v. Let a(s) = 2*s**2 + s - 13. Calculate the remainder when g is divided by a(-4).
12
Suppose -u + 0*u + 19 = 0. Suppose -9*m = -3*k - 4*m + 31, u = 2*k - 3*m. Suppose 0 = 6*v - k*v - 88. What is the remainder when v is divided by 12?
10
Let v(p) = 2*p + 7. Let m be v(-6). Calculate the remainder when 3 is divided by 1/(((-15)/6)/m).
1
Suppose 0 = 5*u, 27 = 8*n - 5*n + 4*u. Suppose -4*a + 210 = 78. What is the remainder when a is divided by n?
6
Suppose 0 = 3*q - 3*x + 57, 2*q - 4*q = -5*x + 29. Let z(o) = -13*o**2 - 1. Let c be z(1). Let a = c - q. What is the remainder when 15 is divided by a?
7
Suppose -200 - 170 = -5*r. Let l = r - 32. Calculate the remainder when l is divided by 11.
9
Suppose -5*q + 114 + 26 = 5*m, -107 = -4*m - 3*q. Calculate the remainder when 89 is divided by m.
20
Suppose -3*d + 28 = -8. What is the remainder when d is divided by 5?
2
Suppose -2*d - i = -6, 0 = 3*d - 4*i + 2. Suppose a - q = 0, -4 = -2*a - d*q - 0. Calculate the remainder when a/(-2)*-26 - 1 is divided by 7.
5
Suppose -2*v + 4*o = -34, -v - o = 3*v - 59. What is the remainder when 43 is divided by v?
13
Let w = -51 - -62. Calculate the remainder when 20 is divided by w.
9
Let q = 17 - 12. Suppose -s + 5*s - 4 = u, 0 = -5*s - 4*u + 26. Suppose 3*n - s = 7. Calculate the remainder when q is divided by n.
2
Suppose -6*d + 4 = -5*d. Suppose -z + 14 = 5*g, 4*z - 22 = -g - d. What is the remainder when z is divided by 3?
1
Let s(w) = w**2 + 5*w - 8. Let b = 30 - 19. What is the remainder when s(-10) is divided by b?
9
Let a(q) = 2*q**2 - 3*q + 2. Let u(h) = h**3 - 6*h**2 - 13*h + 12. Let s be u(8). Let z = s - 16. What is the remainder when z is divided by a(3)?
9
Suppose -2*g = u - 9, 0*u + 4*u - 41 = -3*g. Suppose 2*q = -2*r - 6 - 0, -q - 21 = 4*r. Calculate the remainder when (r/(-1))/(3/10) is divided by u.
9
Let y = 17 + -28. Let l = 23 + y. Let b = 16 + 6. Calculate the remainder when b is divided by l.
10
Let a(x) = 4*x**2 - 4*x - 4. What is the remainder when a(-3) is divided by 15?
14
Let r = -1 - -1. Let b(u) = -u**2 + u + 38. What is the remainder when b(r) is divided by 13?
12
Let z be 2/(-6)*2055*-1. Calculate the remainder when 27 is divided by (-6)/27 + z/45.
12
Let r(w) = -37*w + 1. Let s = -659 - -669. What is the remainder when r(-1) is divided by s?
8
Suppose 4*v - 2 = -10. Let m(q) = -3*q**3 - 2*q**2 - 3*q. Suppose 0*w - 3*w = 6, h + 3*w - 2 = 0. What is the remainder when m(v) is divided by h?
6
Suppose -12 = 3*s, 3 = 2*f + s + 1. Suppose -f*u = -0*u - 189. What is the remainder when u is divided by 13?
11
Suppose 2*c = 3*i - 1, 4*i - 13 = -1. Suppose 22 = c*p + 2. Suppose -t + 11 = -2*h, p*h = -6*t + t - 20. Calculate the remainder when 1 is divided by t.
0
Let t be (4/12)/(2/36). Suppose -4 = -t*f + 2*f. Suppose -4*x = -3*a - 25, 2*x + 4*a = -5 + f. What is the remainder when x is divided by 2?
0
What is the remainder when 66 is divided by -16*(-12)/8*1?
18
Suppose 4*i + 3*d = 165, 5*i - 240 = -0*d + 3*d. Calculate the remainder when i is divided by 16.
13
Let i be (-3)/(6/2)*-36. Let x = i + -19. What is the remainder when 48 is divided by x?
14
Let d(w) = -w**2 + 3*w + 2. Let o be d(3). Let z(x) = 0 - x**3 + 3*x**2 + 2*x + 2 - x + o*x**2. What is the remainder when 12 is divided by z(5)?
5
Suppose -c = -3 - 0. What is the remainder when c is divided by 2?
1
Suppose -2*b + 5*m = -84, -2*m + 6*m = -4*b + 168. What is the remainder when b is divided by ((-11)/(-3))/(2/12)?
20
Let y(p) = p + 5. What is the remainder when y(9) is divided by 6?
2
Suppose a - 14 = -l + 5, a - 19 = -5*l. Let q = 42 + -5. What is the remainder when q is divided by a?
18
Suppose 8 - 124 = -4*u. Let l be (0 - 1)/((-8)/32). Let z(p) = p**2 - 3*p + 6. What is the remainder when u is divided by z(l)?
9
Suppose 2*o = 6 - 0. What is the remainder when 24 is divided by -2*o/(-6)*13?
11
Let y = 26 + -9. What is the remainder when 30 is divided by y?
13
Suppose -3*y + 2*y + 2 = 0. Suppose 0 = -p + y*p - 50. What is the remainder when p is divided by (-3)/(1/((-4)/(-6) + -5))?
11
Suppose -p + k = -1 + 6, 3*p = k - 5. Suppose -o - b = -12, -3*b = -p*o + 5*o - 70. Suppose 4*v - 61 = -o. Calculate the remainder when 20 is divided by v.
9
Let u(w) = w**3 - 4*w**2 - 3. Calculate the remainder when (-40 - -39)*((-576)/(-3))/(-3) is divided by u(5).
20
Let j(u) = -7*u**2 - 6*u - 1. Let l be j(-4). Let y = 124 + l. What is the remainder when y is divided by 9?
8
Suppose -4*y + 6 = -y. Suppose -2*z - 6 = z, 41 = 5*v + y*z. What is the remainder when 16 is divided by v?
7
Let n be (2 - -25) + (-2)/(-2). Suppose -3*j = j + n. Let g(z) = z + 11. Calculate the remainder when 6 is divided by g(j).
2
Let a(q) = q - 2. Let g be a(0). Suppose 5*w = 4*w + 19. What is the remainder when w is divided by (-3)/g*14/3?
5
Let x(j) = -4 + 0 + 2 + 2*j. Suppose 0 = -61*n + 66*n - 95. Calculate the remainder when n is divided by x(6).
9
Let o(i) = -i**3 - 8*i**2 - 9*i - 9. Let p = -17 - -10. What is the remainder when 16 is divided by o(p)?
1
Let y = 27 - -78. Suppose j + 4*j = y. Let r(g) = -6*g - 1. What is the remainder when j is divided by r(-2)?
10
Let x be 72/7 + 2/(-7). Suppose -5*f + 35 = x. What is the remainder when 8 is divided by f?
3
Calculate the remainder when 93 is divided by (4/((-12)/(-423)))/3.
46
Let f(d) = -d**3 + 6*d**2 + 6. Let x be f(7). Let y = x - -61. Calculate the remainder when y is divided by (-30)/4*44/(-33).
8
Let i = 17 - -12. What is the remainder when i is divided by 11?
7
Let d = 32 + 11. What is the remainder when d is divided by 0 + 14 + -6*3/6?
10
Let p(c) = -c**3 - 5*c**2 - 2*c - 6. Let i be p(-5). Suppose -i*j + 0*z + z = -26, -2*z + 14 = 3*j. Calculate the remainder when j is divided by 2.
0
Let s(t) = t + 30. What is the remainder when 20 is divided by s(-18)?
8
Suppose 6*b - 243 = 3*b. Suppose 5*z - 135 = 4*j, -z = -4*z + 3*j + b. What is the remainder when 105 is divided by z?
24
Let q(b) = 7*b**3 - 14*b**2 - b - 11. Let n(c) = c**3 + c**2 + 2 - 1 - 2*c**3. Let o(f) = -6*n(f) - q(f). Calculate the remainder when o(8) is divided by 7.
6
Let i(b) = -4 - b**3 + 0*b + 5*b**2 + 2*b + 0*b. Let g = 12 + 4. What is the remainder when g is divided by i(5)?
4
Suppose o = 4*o - 72. Calculate the remainder when 119 is divided by o.
23
Let c(h) = -h**3 - 6*h**2 + 5*h - 8. Let l be (-42)/(-8) + (-2)/8. Suppose 0 = l*b - 0*b - 50. Calculate the remainder when b is divided by c(-7).
4
Let i(w) = w**2 + 8*w - 3. Let f be i(-8). Calculate the remainder when 19 is divided by f*(-4)/24*10.
4
Suppose 9*t - 40 = 11*t. Let l = t + 36. Calculate the remainder when 61 is divided by l.
13
Suppose -4*y = -0*y + 56. Let g = -2 - y. What is the remainder when 21 is divided by g?
9
Suppose 4*n = 2*q + 56, 0 = -n - q + 7 + 10. Calculate the remainder when 28 is divided by n.
13
Suppose 2*v + k + 14 = 45, -4*v + 3*k = -87. Calculate the remainder when (-2)/(-8) + 139/4 is divided by v.
17
Let q(h) = -h**3 + 6*h**2 - 5*h + 5. Let v be q(5). Suppose 0*b = 5*b, -2*w = -v*b - 46. Let o = 1 + 11. Calculate the remainder when w is divided by o.
11
Suppose 2*o = s - 47, -s + 2*o + 2*o + 55 = 0. What is the remainder when s is divided by ((-3)/6)/((-2)/84)?
18
Suppose -6 + 0 = 2*f, 111 = u - 4*f. What is the rema